= -s**2 + 11*s - 8. What is l(10)?
2
Let d(j) = 2*j**3 - 5*j**2 + 4*j - 16. What is d(4)?
48
Let w(f) = -f + 6. Determine w(15).
-9
Let a(g) = 4*g**2 + g - 7. Determine a(3).
32
Let g(n) = n - 21. Calculate g(14).
-7
Let l(o) = 6*o - 8. Calculate l(4).
16
Let y(g) = 2*g**3 - 29*g**2 - 17*g + 24. What is y(15)?
-6
Let y(c) = c**3 + c**2 - c. Calculate y(-3).
-15
Let v(w) = -w + 15. Calculate v(18).
-3
Let x(p) = -p**2 - 5*p - 41. Determine x(-10).
-91
Let y(d) = -d. What is y(-2)?
2
Let m(q) = -q**2 + 21*q - 46. Give m(17).
22
Let a(t) = -t**2 + 7*t - 7. What is a(10)?
-37
Let a(f) = f**2 + 2*f + 3. What is a(0)?
3
Let x(j) = -j. What is x(3)?
-3
Let k(r) = -53*r - 2. Give k(2).
-108
Let a(c) = -c - 17. What is a(-3)?
-14
Let h(i) = i**2 - 9*i. What is h(3)?
-18
Let v(f) = -f**2 - 2*f + 6. What is v(4)?
-18
Let i(u) = -2*u + 2. Determine i(4).
-6
Let g(a) = a**3 - 6*a**2 + 4*a + 1. Give g(6).
25
Let q(p) = -15*p - 1. Give q(-4).
59
Let x(v) = -v**2 + 4*v - 12. Give x(-5).
-57
Let x(k) = -k**2 - 11*k + 14. Calculate x(-12).
2
Let m(u) = -u**2 - 14*u. What is m(-9)?
45
Let j(c) = -c**2 + 6*c + 9. Give j(7).
2
Let t(b) = b + 19. Determine t(-13).
6
Let z(k) = -4*k + 11. Determine z(8).
-21
Let v(d) = -d**2 + 32*d + 105. Calculate v(35).
0
Let p(d) = d - 6. Determine p(7).
1
Let i(f) = f**3 - 5*f**2 + 2*f + 7. Calculate i(5).
17
Let u(c) = c**3 - 14*c**2 - 16*c + 13. Give u(15).
-2
Let h(x) = -x**3 - 9*x**2 - 5*x + 9. What is h(-8)?
-15
Let w(f) = f**3 + 4*f**2 - 2. Determine w(-2).
6
Let m(v) = v**3 + 21*v**2 + 20*v. Give m(-20).
0
Let l(d) = 3*d**2 + 93*d + 5. Calculate l(-31).
5
Let z(a) = 2*a**2 + 21*a - 18. Calculate z(-11).
-7
Let b(p) = -p**3 + 15*p**2 + 15*p + 19. Determine b(16).
3
Let o(j) = -j**3 - 25*j**2 + 56*j + 13. What is o(-27)?
-41
Let o(u) = 2*u**3 + 3*u**2 - 36*u - 73. Determine o(-2).
-5
Let f(s) = s**3 - 8*s**2 + 9*s - 40. Give f(7).
-26
Let k(j) = -27*j + 29. Determine k(2).
-25
Let u(r) = r**2 + 3*r + 6. Determine u(-4).
10
Let v(d) = 5*d**2 + 2*d - 1. Calculate v(-2).
15
Let c(w) = 2*w**3 + 3*w**2 - 9*w - 6. Determine c(2).
4
Let d(x) = -6*x + 12. Calculate d(-5).
42
Let u(d) = -d. What is u(10)?
-10
Let t(b) = -b**2 + 10*b + 10. Give t(11).
-1
Let i(m) = 5*m + 1. What is i(4)?
21
Let j(z) = 48*z + 41. Determine j(-1).
-7
Let h(o) = 40*o - 236. Calculate h(6).
4
Let p(u) = -u**2 + 13*u - 27. Give p(10).
3
Let p(x) = 125*x + 754. Calculate p(-6).
4
Let u(r) = -2*r**2 - 12*r - 2. Calculate u(-8).
-34
Let l(f) = -3*f + 44. Give l(23).
-25
Let u(v) = -v**2 - 29*v + 75. Calculate u(-32).
-21
Let y(z) = -z**2 + 11*z - 13. What is y(9)?
5
Let v(m) = -5*m - 35. Calculate v(-8).
5
Let w(y) = 2*y**3 + 7*y**2 - y + 5. Give w(-5).
-65
Let d(o) = o**2 + 9*o - 7. What is d(-9)?
-7
Let z(w) = -4*w - 13. Determine z(-3).
-1
Let g(d) = 2*d**2 - 5*d + 6. Calculate g(3).
9
Let u(f) = -f**3 + 7*f**2 - 9*f + 9. Give u(6).
-9
Let c(h) = -h**3 + 13*h**2 - 20*h - 19. Calculate c(11).
3
Let w(n) = -2*n**3 + n**2 - 2*n - 5. Calculate w(2).
-21
Let b(g) = g**2 + 12*g - 4. Determine b(-12).
-4
Let i(o) = -o**2 - 5*o + 47. What is i(-10)?
-3
Let b(k) = 33*k**2 + k + 2. What is b(-1)?
34
Let u(m) = -12*m - 9. Give u(0).
-9
Let d(q) = -q**3 - 23*q**2 - 21*q - 10. Calculate d(-22).
-32
Let y(p) = p**3 + p**2 - 2*p + 3. What is y(-3)?
-9
Let q(d) = 7*d - 158. What is q(23)?
3
Let j(h) = -3*h - 1. Give j(4).
-13
Let w(y) = -2*y - 34. Calculate w(10).
-54
Let v(u) = -3*u + 36. Give v(11).
3
Let x(f) = f**3 - 8*f**2 - f - 1. Determine x(8).
-9
Let s(c) = -2*c**2 + 12*c - 2. Give s(6).
-2
Let h(j) = j + 2. What is h(0)?
2
Let z(t) = 2*t**2 - 4. Calculate z(-2).
4
Let k(n) = -5*n - 69. Give k(-20).
31
Let m(o) = o - 14. Give m(6).
-8
Let q(k) = -k**3 - 8*k**2 - 9*k - 9. Give q(-7).
5
Let n(u) = -3*u**3 - 5*u**2 - 3*u + 1. Calculate n(-3).
46
Let s(o) = 11*o**2 + 1. Determine s(-1).
12
Let d(j) = 17*j**3 - 4*j**2 - 4*j. What is d(-1)?
-17
Let u(i) = i**3 + 17*i**2 - 3*i - 52. Calculate u(-17).
-1
Let d(t) = 4*t**3 - 2*t**2 - t. What is d(2)?
22
Let s(t) = -t**3 + 13*t**2 - 3*t + 29. Calculate s(13).
-10
Let g(z) = 2*z**3 + 16*z**2 - 17*z - 5. Calculate g(-9).
-14
Let f(n) = n**2 - 12*n + 18. What is f(7)?
-17
Let z(u) = u**3 - 3*u**2 - 6*u - 3. Determine z(5).
17
Let h(n) = -2*n - 7. Determine h(8).
-23
Let v(l) = 34*l + 242. What is v(-7)?
4
Let x(w) = 4*w - 18. Calculate x(-9).
-54
Let b(d) = d**2 + 6*d - 18. What is b(2)?
-2
Let p(x) = 2*x**2 + 5*x + 12. Determine p(-5).
37
Let f(g) = g**3 - 11*g**2 + 17*g + 14. Give f(9).
5
Let l(i) = -5*i - 3. Determine l(-4).
17
Let y(s) = s**3 - 10*s - 2. Calculate y(-5).
-77
Let z(a) = -a**3 - 10*a**2 + 2*a - 14. Determine z(-10).
-34
Let t(l) = -33*l**2 + 97*l + 1. Give t(3).
-5
Let h(d) = 189*d + 378. Determine h(-2).
0
Let k(l) = -3*l**3 - 31*l**2 - 13*l. Calculate k(-10).
30
Let j(o) = o**3 - 3*o**2 + 5*o - 7. What is j(2)?
-1
Let d(q) = -q - 15. Determine d(-8).
-7
Let b(m) = 4*m**3 - 2*m**2 + 4. Determine b(-2).
-36
Let z(v) = -4*v + 10. Determine z(6).
-14
Let f(c) = c**3 - 7*c**2 - 18*c + 6. Determine f(9).
6
Let g(r) = -5*r + 51. Calculate g(11).
-4
Let p(g) = -g**3 + 20*g**2 + 3*g - 15. Give p(20).
45
Let q(b) = 27*b - 1. Give q(1).
26
Let u(k) = k**3 - 15*k**2 + 26*k + 1. Calculate u(13).
1
Let j(p) = p**3 - 6*p**2 + 5*p + 1. Calculate j(5).
1
Let a(s) = -35*s - 5. Give a(-1).
30
Let u(x) = x**2 + 5*x - 64. Calculate u(-11).
2
Let y(d) = -5*d + 3. What is y(5)?
-22
Let d(b) = 2*b + 51. Give d(-17).
17
Let d(t) = -6*t + 13. What is d(7)?
-29
Let v(r) = r**3 + 5*r**2 + 2*r - 3. Calculate v(-5).
-13
Let g(q) = q**2 - 3*q - 2. Determine g(7).
26
Let n(c) = 34*c - 267. Calculate n(8).
5
Let a(z) = 16*z + 114. What is a(-6)?
18
Let a(k) = -17*k. Calculate a(1).
-17
Let r(l) = -2*l**2 - 27*l + 13. What is r(-14)?
-1
Let v(b) = 8*b + 106. Determine v(-11).
18
Let l(k) = -2*k**2 - 5*k + 2. Determine l(4).
-50
Let z(p) = 2*p - 13. Give z(10).
7
Let w(c) = -c**2 - 9*c - 11. Calculate w(-6).
7
Let p(a) = -a**3 - 8*a**2 - 13*a + 2. Give p(-6).
8
Let o(j) = 4*j - 4. Calculate o(-3).
-16
Let v(q) = -3*q - 44. What is v(-15)?
1
Let c(t) = -t**2 + 46*t - 12. What is c(46)?
-12
Let z(j) = 2*j - 5. Calculate z(-4).
-13
Let p(b) = 2*b**2 - 18*b + 6. Determine p(13).
110
Let x(z) = 4*z**2 - 74*z + 42. What is x(18)?
6
Let b(i) = i**3 - 2*i**2 - 21*i + 1. Determine b(-4).
-11
Let w(b) = -2*b + 6. Give w(14).
-22
Let r(m) = 26*m + 1. Calculate r(-1).
-25
Let w(h) = -h**3 + h**2 - h - 14. Calculate w(0).
-14
Let a(s) = -7*s + 12. What is a(1)?
5
Let p(v) = v**3 - 6*v**2 - 7*v + 8. Calculate p(6).
-34
Let q(a) = -5*a + 76. Calculate q(16).
-4
Let s(b) = -2*b + 53. Calculate s(23).
7
Let z(q) = 2*q**2 - 16*q + 13. Give z(6).
-11
Let x(b) = b**3 + 6. Calculate x(0).
6
Let l(v) = 15*v - 37. Calculate l(6).
53
Let h(s) = -s**2 - 23*s + 12. What is h(-24)?
-12
Let f(m) = -3*m + 25. Determine f(5).
10
Let p(r) = -r**2 + 4*r - 8. Give p(4).
-8
Let r(a) = a**3 - 6*a**2 - 9*a + 5. Give r(7).
-9
Let a(o) = -32*o + 4. What is a(3)?
-92
Let u(k) = 3*k - 27. What is u(8)?
-3
Let f(k) = -11*k + 17. Determine f(0).
17
Let y(s) = 3*s**3 + 38*s**2 + 28*s + 8. Determine y(-12).
-40
Let o(a) = a - 4. Determine o(4).
0
Let m(v) = v**3 - 11*v**2 - 12*v + 10. Determine m(12).
10
Let n(w) = 12*w - 124. Calculate n(12).
20
Let r(p) = -p**3 - 8*p**2 + 26*p + 12. Determine r(-10).
-48
Let i(p) = 2*p**3 + p**2 - 3*p + 3. Determine i(3).
57
Let d(y) = 2*y**2 + 21*y - 16. Calculate d(-11).
-5
Let z(d) = 63*d + 1507. Calculate z(-24).
-5
Let h(x) = -x**3 + 13*x**2 + x + 19. Give h(13).
32
Let w(m) = m**3 - 14*m**2 + 9*m + 29. Determine w(13).
-23
Let n(q) = -q**3 - 9*q**2 - 11*q + 12. Calculate n(-7).
-9
Let k(g) = 19*g - 365. What is k(19)?
-4
Let u(a) = -a**3 + 10*a**2 - 18*a - 20. Determine u(5).
15
Let q(t) = t**2 + 8*t + 30. Give q(-3).
15
Let n(g) = -2*g**3 - 5*g**2 + 5. What is n(-3)?
14
Let j(y) = y + 3. Determine j(4).
7
Let m(o) = o**3 - 4*o**2 - o. What is m(3)?
-12
Let l(j) = j**2 - 5*j + 8. Calculate l(7).
22
Let d(r) = r - 23. What is d(18)?
-5
Let g(c) = -c**2 + 12*c + 36. Determine g(14).
8
Let m(z) = -z**3 + 19*z**2 - 34*z + 17. What is m(17)?
17
Let n(l) = l**2 - 26*l - 113. Determine n(30).
7
Let s(c) = 8*c - 28. Give s(4).
4
Let f(g) = -3*